sor of 15 and a?
3
Let i(f) = -f**2 + 9*f. Let x be i(7). Suppose 5*r - 91 = -21. Calculate the highest common factor of r and x.
14
Suppose 4*b + 66 = 3*l + 213, -b = 3*l - 33. Suppose -b - 29 = -5*w. Let v(k) = -10*k - 1. Let y be v(-4). What is the greatest common divisor of w and y?
13
Let y(d) = d**3 + d**2 - 4*d. Let w be y(3). Let x = -13 + w. Suppose -5*o + 161 = 51. Calculate the highest common divisor of x and o.
11
Suppose -l = 4*w, 9 = 2*l + 3*w - 1. Let v(j) = 3 - j**3 - 3*j - 1 + l*j**3 + j**2. Let d be v(2). Calculate the highest common divisor of 7 and d.
7
Let d(j) = -14*j. Let h be d(-4). Calculate the highest common divisor of h and 8.
8
Suppose -u - 63 + 69 = 0. Suppose -1 = -p + 17. What is the greatest common factor of p and u?
6
Suppose -153 = -2*a - 27. Suppose 0 = 5*w + 4*k - a, 0 = 4*w - 2*k - 19 - 21. Let c be w*1 + (-4)/4. What is the highest common factor of 30 and c?
10
Let b = 47 - 26. Let x = b - 9. What is the highest common divisor of x and 96?
12
Suppose -5*u - 9 = 3*b, 1 - 3 = -4*b - 2*u. Suppose b*c + n - 226 = 0, -2*n - n = -3*c + 330. What is the greatest common divisor of 16 and c?
16
Let p be 1/(-4) + 531/12. What is the greatest common divisor of p and 110?
22
Suppose -3*g = -5*g + 24. Calculate the highest common divisor of 12 and g.
12
Suppose 0 + 6 = 2*j. Suppose -j = -2*y + y. Let k(g) = g**2 + 7*g + 12. Let b be k(-9). What is the highest common divisor of y and b?
3
Let l be 6/(((-18)/4)/(-3)). Suppose l*k = 6*k. Suppose k*b + b - 45 = 0. Calculate the greatest common factor of b and 9.
9
Suppose -9 = y - 13. Let g be 294/15 - y/(-10). What is the highest common divisor of 30 and g?
10
Suppose -12 - 18 = -3*h. Calculate the highest common divisor of 50 and h.
10
Let d = 3 - -1. Suppose 6*n = 2*v + 4*n - 16, -3*n - 15 = 0. Let p(f) = f**2 - 2*f + 1. Let s be p(v). What is the highest common factor of d and s?
4
Let g be 6/4*(-96)/(-9). Let f be ((-4)/g)/(1/(-4)). Let l(p) = 11*p + 1. Let z be l(f). What is the highest common divisor of z and 132?
12
Let d be 2*(-3)/(-6) + 1. Suppose p + 8 = d*p. What is the greatest common divisor of 12 and p?
4
Let c be (-2)/(-3 - (-46)/14). Let b = -8 - 2. Let i = c - b. Calculate the greatest common factor of i and 27.
3
Suppose 22 = 2*i - 244. Calculate the greatest common factor of i and 38.
19
Let m = -12 + 17. Suppose -m*n = -n - 36. What is the highest common divisor of n and 1?
1
Let d(q) = q**2 + q - 1. Let n(l) = -6*l**2 - 6*l + 8. Let r(b) = -5*d(b) - n(b). Let w be r(3). Calculate the greatest common factor of w and 63.
9
Suppose -2*x - 3*x = -15. Suppose 0 = -x*a + 75 - 18. What is the highest common factor of a and 19?
19
Suppose 0*t + 4*t - 12 = 0. Let i = -19 + 20. Let y be (i + -3)/((-6)/72). Calculate the highest common divisor of t and y.
3
Let l(i) = -7*i + 2. Let g be l(-4). Let r be (-41 - -1)*(-60)/16. Suppose k - 3*k = -r. Calculate the greatest common divisor of k and g.
15
Suppose 13*h - 9*h = 24. Let j(t) = t**2 + 7*t - 4. Let x be j(-6). Let s be ((-12)/(-10))/((-2)/x). What is the highest common factor of s and h?
6
Let r be (-84)/(-14) - (-1)/(1/(-3)). What is the greatest common factor of 2 and r?
1
Suppose -a = -5*a + 20, 85 = 5*y - 3*a. Let j be (-176)/(-6) - (-2)/3. Calculate the highest common divisor of y and j.
10
Suppose 2*u - 68 = 4*f - 202, -2*f = -4*u - 52. Suppose -x - 3*x = -f. What is the greatest common factor of x and 18?
9
Suppose -4*a + 121 = 21. What is the highest common divisor of 175 and a?
25
Let i be -1 + -3 + 6 - 46. Let q be 55/i*2*-2. Calculate the greatest common divisor of q and 35.
5
Let g(q) = -2*q**3 - 7*q**2 - 10*q - 9. Let x be g(-6). Calculate the highest common divisor of x and 21.
21
Let v(a) = 3*a**2 + 4*a - a + 1 + a. Let n be v(3). What is the greatest common factor of 8 and n?
8
Let i = 105 - 73. Calculate the highest common factor of 192 and i.
32
Let g be ((-35)/2)/((-2)/4). Calculate the greatest common factor of g and 7.
7
Let d be 2 + (40*1 - 3). What is the greatest common divisor of 13 and d?
13
Let c(n) = -n. Let y(b) = 6*b + 2. Let z(a) = 5*c(a) + y(a). Let t be z(3). Suppose -5*h - 28 + 103 = 0. What is the highest common divisor of t and h?
5
Suppose -4 = -4*w + 6*w. Let c be (-3)/(3/w) - -166. Suppose -2*z = 5*d - 97, 0 = 3*d + 2*d - 5*z - 125. What is the greatest common factor of d and c?
21
Let g(k) be the third derivative of 17*k**4/24 + k**3/3 - k**2. Let h be g(2). Let m = -613 - -617. What is the highest common divisor of h and m?
4
Let q be (44/(-10))/((-3)/(-30)). Let o be (4 - (3 + 6))*q. Calculate the highest common divisor of 20 and o.
20
Let c(u) = u**2 + 9*u - 10. Let l be c(-10). Suppose -3*m + l*n = -4*n - 207, 3*m - 3*n = 207. What is the highest common divisor of 23 and m?
23
Suppose 0*v - 5*v = -5*f - 160, -5*f - 187 = 4*v. Let j = 59 + f. What is the greatest common divisor of j and 8?
8
Suppose 2*d + c - 40 = -6, 4*c = d - 26. What is the highest common factor of d and 3?
3
Let y(d) = 45*d**3 - d + 1. Suppose 0 = -4*u - 2*b - 0*b - 6, -3*b + 3 = 0. Let z be 1/(3/(-6)*u). Let q be y(z). What is the greatest common factor of 9 and q?
9
Let s = 0 + 13. Calculate the highest common factor of s and 13.
13
Let m be 27*(-4 - (-13)/3). Calculate the greatest common factor of m and 1.
1
Let s = 23 - 5. What is the highest common factor of s and 54?
18
Let u(l) = 2*l**2 + 3*l + 1. Let p be u(-6). Suppose 0 = n - 12*n + 121. Calculate the greatest common factor of p and n.
11
Let q(t) = 6*t**2 - 5*t - 3. Let k be q(3). Suppose 5*b = 2*o + 45, -3*b + 3*o - 2*o + 27 = 0. What is the highest common divisor of b and k?
9
Let i(t) be the second derivative of t**3/2 - t**2/2 - t. Let y be i(6). What is the highest common divisor of y and 34?
17
Suppose -5*u + 156 + 64 = 0. Calculate the greatest common factor of 11 and u.
11
Let k(y) = 44*y**2 + 4*y + 1. Let r be k(-4). Let g be r/26 + 1/(-2). What is the greatest common factor of 39 and g?
13
Let u be ((-6)/(-4))/(9/6). Calculate the greatest common divisor of u and 5.
1
Suppose -5*c = -5*q - 25, -1 = -c + 4*q + 4. Calculate the highest common divisor of 55 and c.
5
Let j = 82 + -74. Calculate the highest common divisor of j and 64.
8
Let h be ((-6)/5)/(0 + 2/(-5)). What is the greatest common factor of h and 24?
3
Suppose -o + 23 = 2*j + 1, 4*j = -4*o + 44. Let m(q) = q**2 - 7*q - 4. Let h be m(j). Calculate the greatest common factor of 20 and h.
20
Let h = 105 + -69. What is the highest common factor of 36 and h?
36
Let d(o) = 30*o**2 - 2*o + 1. Let m be d(2). Let n(s) = -s**2 - 8*s + 1. Let t = -7 + 1. Let l be n(t). What is the greatest common factor of l and m?
13
Suppose 4*k + n - 179 = -46, 0 = -k + 3*n + 17. What is the highest common divisor of k and 32?
32
Suppose 2*w = 5*m + 139, 0 = -4*w - 5*m + 190 + 103. What is the highest common factor of w and 27?
9
Let s(n) = -2*n**2 - 25*n - 25. Let t be s(-11). Suppose 0*d + 120 = 5*d. What is the greatest common divisor of t and d?
8
Let t be (-12)/(3 - 0) + 0. Let a = t + 4. Suppose 4*z + 68 = d, a = -0*d + d - z - 56. What is the highest common factor of d and 13?
13
Let n be (-65)/(-20) - (-1)/(-4). Let j be (n/6*44)/2. What is the highest common divisor of j and 55?
11
Let o be 21/(-14)*-144 + -1 + 2. Calculate the highest common divisor of o and 7.
7
Suppose 0 = 3*z + 21 - 30. Calculate the greatest common factor of z and 21.
3
Suppose -3*r - 2*m + 120 = r, 36 = r + 2*m. Suppose 3*x + 3*q = 84, -x = 5*q - q - r. Calculate the greatest common divisor of 42 and x.
14
Let y = 11 + -7. Suppose y*a + p - 97 = 2*a, -a + 48 = p. Calculate the greatest common divisor of 7 and a.
7
Let k(t) = -t**2 + 8*t + 10. Let g be k(11). Let u = -12 - g. What is the highest common divisor of 121 and u?
11
Let i(t) = t + 2. Let p be i(6). Calculate the highest common divisor of 8 and p.
8
Let o(n) = n**3 + 4*n**2 - n - 4. Let u be o(-4). Suppose -d = 4, u = 3*x - 4*d + 16 - 77. What is the highest common factor of x and 5?
5
Suppose 4*s + i - 68 = 0, 0 = 2*s - 3*s + i + 12. What is the greatest common divisor of s and 176?
16
Let u = 0 - -3. Suppose -5*n = -u*a - 41, -a - 6 = -3*a. Let g be 1/(-2*(-5)/800). What is the highest common factor of n and g?
10
Let w(n) = n**3 + 6*n**2 - 8